e units digit of k(t)?
3
Let i = -4 + 9. Suppose 5*u - 162 = z - 3*z, -i*u + 161 = z. Let g = -7 + u. What is the tens digit of g?
2
Let r(g) = g**2 + 2*g - 11. What is the units digit of r(8)?
9
Suppose 0 = -5*b - 4*u + 6625, -u = 2*b + 1313 - 3963. Suppose -3*i - 2*n + 504 = 0, -5*i + 4*n = -b + 485. What is the tens digit of i?
6
What is the hundreds digit of 34/17 - 1296/(-3)?
4
Suppose -c + 2*c + 2 = 0. Let f be -3 - (5 + c + 9). What is the units digit of 2 - 3 - f - 0?
4
Let n(t) = -t**3 - 56*t**2 - 22*t + 13. What is the tens digit of n(-56)?
4
Let k = -71 + 85. What is the tens digit of 1746/7 + k/((-686)/21)?
4
Suppose -6*i - 2*z + 3 = -5*i, -2*z = 2. What is the tens digit of (i + -341)/(-6) + 2?
5
Suppose 2 = -5*i + 2412. What is the hundreds digit of i?
4
Let a be (-2)/9 + 627/27. Suppose 6*p = 7*p - a. What is the units digit of p?
3
Let s be (0 + -18)*(1 + -3). Suppose -s = 2*d - 8*d. Let g(r) = -r**3 + 8*r**2 - 5*r + 4. What is the units digit of g(d)?
6
Let k(z) = 11*z**2 - 37*z + 4. What is the hundreds digit of k(7)?
2
Let d(l) = 28*l**2 + 2*l - 3. Let t be d(3). Let f = t - 182. What is the tens digit of f?
7
Suppose -4*d - 9 = -29. Suppose 0 = g + 2 - d. Suppose -g*z + 134 = -4. What is the units digit of z?
6
Let k(c) = 614*c + 136. What is the tens digit of k(3)?
7
Suppose -3*o + o + 54 = 0. Suppose 178 = -6*s + 196. What is the tens digit of 5*(o/5 - s)?
1
Let d be -58 + -5 - (-1 - -1 - 2). Let t = -40 - d. What is the tens digit of t?
2
Let k(c) = -21*c - 7. Let a = 17 + -20. What is the units digit of k(a)?
6
Suppose -88 - 2 = 6*a. Let x be (-141)/(-4) + a/60. Suppose 0 = 3*u - q - 41, 3*u - x = -0*u - 2*q. What is the units digit of u?
3
Let z(i) = 304*i - 99. What is the units digit of z(5)?
1
Let d be (1/1)/((-1)/(-17)). Suppose 0 = -k - d + 8. What is the tens digit of 154/6 + k/(-27)?
2
Let q(p) = -1 + 0 + 12*p - 11*p**2 + p**3 - 5. Suppose 0 = 120*g - 117*g - 30. What is the units digit of q(g)?
4
Suppose -3*t = 5*g + 566, -2*t - 581 = 5*g - 4*t. What is the tens digit of -1 - ((-48)/(-15))/4*g?
9
Let d = 434 - 433. Let o = -5 - -9. Suppose p = -d, p + p - 266 = -o*m. What is the units digit of m?
7
Suppose 52*d = 27*d + 28325. What is the thousands digit of d?
1
Suppose -x = -3*v - 5*x + 12836, -2*x = 5*v - 21398. What is the hundreds digit of v?
2
Let v be (2 - 3) + 67 + 2. Suppose -167 - v = -5*x. Suppose p - x = -6. What is the units digit of p?
1
Suppose 5*g + 3*w = 418, 0 = -3*g + 2*w + 181 + 66. What is the units digit of g?
3
Let r be 3/6 - (-70)/(-4). Let m = r + 19. Suppose -18 = m*u - 46. What is the tens digit of u?
1
Let h = 1176 - -44. What is the tens digit of h?
2
Let v(x) = -x**2 + 24*x + 2038. What is the thousands digit of v(0)?
2
Suppose b + 311 = 5*g, 2*b + b = g - 51. Suppose g = 2*v - 127. Suppose -2*s + v = 3*a - 55, -a + 50 = s. What is the tens digit of a?
5
Let x(w) = -w**3 - 6*w**2 - 3*w + 6. Let b(z) = -z**2 + 6*z - 6. Let q be b(6). Let s(p) = -p**2 - 5*p. Let k be s(q). What is the units digit of x(k)?
4
Let d(w) = w**2 + w - 1. Let z be d(0). What is the tens digit of z + -1 + 2/((-8)/(-268))?
6
Suppose 1146 = b - 4*c, -4*b + 35*c = 37*c - 4656. What is the tens digit of b?
6
Let q = -97 + 196. What is the tens digit of q?
9
Suppose 0 = 4*q - l + 1, -3*q + 1 = -0*q + l. Suppose 3*v - v = q. Suppose v = t + t - 70. What is the units digit of t?
5
Let b(a) = -2*a**3 - 4*a**2 - 5*a - 5. Let l be b(-2). Suppose 4*h + l = 13. Suppose -14 = -2*m + m - h*n, n + 70 = 5*m. What is the tens digit of m?
1
Let f be (2/6)/((-2)/(-18)). Suppose 0 = f*q - 0*q - 2*g - 18, g + 15 = 3*q. Suppose 3*p = 5*p - n - 15, -p - q*n = -21. What is the units digit of p?
9
Let a(z) = z**3 + 13*z**2 - 5*z + 1. What is the tens digit of a(5)?
2
Suppose 38*q - 21216 = 31870. What is the thousands digit of q?
1
Let i(m) = -8*m - 2. Let q be i(-2). Let d(f) = -f**3 - 5*f**2 + f + 4. Let j be d(-5). What is the tens digit of (q + j)/((-4)/(-4))?
1
Suppose -737 - 243 = -a. What is the hundreds digit of a?
9
What is the hundreds digit of 3734/6 - 114/(-171)?
6
Let v(y) = -5*y**2 + y - 1. Let r be v(2). Let c = r - -14. Let i(n) = n**2 + 2*n + 10. What is the units digit of i(c)?
5
Suppose -4*k + 0*h + 922 = 2*h, 0 = -3*k + 5*h + 685. What is the hundreds digit of k?
2
Suppose 1506 = 75*t - 69*t. What is the hundreds digit of t?
2
Let p be 23/2 - (-9)/(-12)*-2. Suppose -4*g - p - 24 = -k, -119 = -2*k - g. What is the tens digit of k?
5
Let c(h) = -h**2 + 10*h - 1. Let d be c(9). Let q be (-1 + -2)/(7/(-28)). What is the units digit of q/(-16) + 190/d?
3
Suppose 0 = -2*r - 3 + 15. Let u(n) = 0*n + n - r*n + 2*n. What is the tens digit of u(-8)?
2
Let k = 61 - 20. What is the units digit of k?
1
Let n(m) = m**3 + 19*m**2 + 17*m - 23. What is the tens digit of n(-13)?
7
Let r(m) = -m**3 + 4*m**2 + 6*m - 1. Let p be r(5). Suppose -4*d = p*l - 5*d - 299, -d = l - 81. What is the tens digit of l?
7
Let l(f) = -2*f**3 + f**2 + 2*f - 6. What is the tens digit of l(-5)?
5
Let a = 26 + -20. Suppose a*r - 3*r - 69 = 0. What is the units digit of r?
3
Let r(i) = -87*i - 108. What is the units digit of r(-4)?
0
Let g = 695 + -10. What is the hundreds digit of g?
6
Let s(q) = 4*q - 6. Let t be s(2). Let n(y) = 43*y + 2. What is the tens digit of n(t)?
8
Let w(j) = j**2 + 10*j. Let y be w(-11). Let v(p) = -p**2 + 14*p - 8. Let h be v(y). Suppose -89 + h = -2*z. What is the tens digit of z?
3
Let d be 10/(-25)*-5 - (-58)/1. Suppose -n = 4*n - 3*c - d, 2*c - 10 = 0. What is the units digit of n?
5
Let r = 19 + -17. Suppose 3*h + r*h = 3*y - 122, 3*h - 22 = -y. What is the units digit of y?
4
What is the tens digit of ((-1795)/15)/(3/9)*-6?
5
Let i(x) = x**2 + 0*x**2 + 34 + 2*x - 2*x**2. What is the tens digit of i(0)?
3
Suppose -26 = -2*b - 5*q - 1, -3*b + 3*q + 6 = 0. Suppose 15 = -b*h - w, -2*h = -0*h + 4*w + 24. What is the tens digit of (-1 - h)/((-3)/(-96))?
3
Suppose -4*k + k = -2*c - 170, -3*c = 2*k - 135. What is the tens digit of k?
6
Let c(i) = -18*i - 34. Let d(p) = p**3 + p**2 - 3*p - 2. Let t be d(-3). What is the hundreds digit of c(t)?
1
Suppose -3*r = -2*b - 10756, 3 = -2*b - 1. What is the thousands digit of r?
3
Suppose 3*s + 17 = -2*y, y - 24 = 3*s + 8. Let n(m) = m**2 + 5*m + 22. What is the tens digit of n(s)?
5
Suppose -m + 2*m = 0. Suppose m = 6*n - 5*n - 38. Let f = -21 + n. What is the tens digit of f?
1
Suppose -66 = -2*v + 14. Suppose 66*o - 70*o + v = 0. What is the tens digit of o?
1
Let c(p) = p**2 - 2*p + 1. Let q be c(3). Suppose 5*w + 3 = -4*m - 2, -2*m + q*w = -4. What is the units digit of 9 + (2 - 3) + m?
8
Let d be ((-21)/14)/(1/(-34)). Suppose -145 = -7*y + d. What is the tens digit of y?
2
Suppose -6*t = -14*t + 4936. What is the tens digit of t?
1
Suppose 0 = -16*w + 58971 + 5333. What is the hundreds digit of w?
0
Suppose -3146 = -4*u + 618. What is the hundreds digit of u?
9
Let c = -1 - 3. Let j = c + 3. Let k = j + 5. What is the units digit of k?
4
Suppose -5044 = -715*k + 711*k. What is the tens digit of k?
6
What is the hundreds digit of (-4)/18 - (-195016)/342?
5
Suppose 3 = -20*z + 17*z. Let y(g) = 15*g**2 - 1. What is the tens digit of y(z)?
1
Let r(x) = 63*x**2 + 4*x + 87. What is the units digit of r(-8)?
7
Let n be ((-16)/(-56))/((-2)/(-42)). Suppose -3*u + n*u - 3*w = 114, -155 = -4*u + 5*w. What is the tens digit of u?
3
Suppose 0*f - f = -4. Suppose f*i + 5*u - 32 = 0, -4*u - 55 = -3*i - 0*i. What is the tens digit of (i/(-3))/((-5)/15)?
1
Let t = 6 + 0. Let c = 14 - t. Suppose -3*y + c = -49. What is the units digit of y?
9
What is the tens digit of 4395/(-20)*20/(-15)?
9
Suppose 43*r - 68118 - 96056 = 0. What is the hundreds digit of r?
8
Let q = 6909 + -4442. What is the hundreds digit of q?
4
What is the hundreds digit of ((5 - 2) + -4)*-537?
5
Let q(c) = 6 + 5 - c - 2 - 2. What is the tens digit of q(-15)?
2
Suppose -3*k - 4*u = -9886, 3*u - 1462 = -2*k + 5129. What is the units digit of k?
4
Let j(x) = -5*x + 3. Let f be j(-8). Suppose 4*i - 42 = -3*k + f, i + k - 22 = 0. What is the tens digit of i?
1
Let g be (-5)/(((-4)/16)/((-98)/8)). What is the units digit of 726/5 - 7*(-7)/g?
5
Suppose 4*g - 60 = o, g + 0 = -3*o + 15. Suppose 0*c + 4*a = -c, -4*c = a + g. What i